4 - 4*y + 6*y + 2 + y. Let p(n) = 25*n**3 - 101*n**2 + 10. Let u be p(4). Calculate b(u).
-20
Let p(s) = -6*s + 4. Let v(h) = -7*h + 5. Let b(u) = 6*p(u) - 5*v(u). Let n = 764 + -759. Give b(n).
-6
Let z(p) = -p**2 + p + 4. Let k be 5/(0 - (-4)/332). Let w = k - 420. Calculate z(w).
-26
Let j = -43 + 35. Let a(l) = l**3 + 10*l**2 + 7*l - 7. Let i be a(j). Let z = i - 64. Let f(g) = 10*g**3 + g**2 - 2*g + 1. Determine f(z).
10
Let w(f) = f**2 - 7. Suppose g - 22 = -2. Suppose 0 = 5*i - i - g. Suppose -2*n - l + 4 = 0, -i*n + 8 = -5*l + 28. Determine w(n).
-7
Let i(h) = -5*h**2 + 3*h + 2. Let m(v) = -3*v**2 + 4*v + 3. Let z = 143 - 140. Let g(d) = z*m(d) - 4*i(d). Determine g(1).
12
Suppose 9*m - 4*m = -3*c + 38, 3*c = 4*m - 25. Let f(v) = v**3 - 7*v**2 + 7*v + 3. Determine f(m).
52
Let b = -57 + 57. Suppose c = -4*v - 7 - 0, b = 3*v + 9. Let g(f) = c*f - 7*f + 7*f. What is g(1)?
5
Let s(f) = -f - 3. Let m(x) = 59*x + 317. Let u be m(8). Let j = -777 + u. Determine s(j).
-15
Let i(h) = -12*h**3 - 2*h**2 + 1. Let z be 1/(-5) - (-11)/(330/456). Suppose -9*y - 24 = -z. Determine i(y).
11
Let f(k) be the first derivative of -8*k**3/3 - 21*k**2 - 4*k + 1651. Give f(-5).
6
Let x(a) be the first derivative of -8*a**3/3 - a + 5. Let n be (-7 - 0)*22/(-77). Suppose -o - n = -3. Calculate x(o).
-9
Let a(k) = -2*k**3 - 44*k**2 + k + 20. Suppose 506 = 405*b - 428*b. What is a(b)?
-2
Let i(l) = 4*l**2 + 3*l - 3. Suppose -3*z + h = -9, -z + 25 = -2*h + 12. What is i(z)?
4
Suppose c = -2*l + 5 - 1, 21 = -3*c + 5*l. Let u(z) = 55*z**2 - 114*z. Let v(w) = 237*w**2 - 490*w. Let f(o) = -43*u(o) + 10*v(o). Give f(c).
16
Let g(n) = n - 1. Let j(r) = -35*r + 30. Let c = 419 - 418. Let h(t) = c*j(t) + 30*g(t). Determine h(-1).
5
Let c be (0/(-13))/(2*1). Let g(k) = 74 + 2*k + 74 - 158. Give g(c).
-10
Let r = 11 + 33. Let j be (-2)/11 - (-184)/r. Let c(v) = 5*v - 10. Let z(d) = -6*d + 10. Let m(x) = j*z(x) + 5*c(x). Determine m(5).
-5
Let y(d) = d + 22. Suppose 11*s + 61 = -70 - 23. What is y(s)?
8
Let w(y) = -y**3 + 9*y**2 + 9*y - 1. Let v = -6710 + 6720. Give w(v).
-11
Let c(f) be the first derivative of -9*f**2/2 - 79*f - 1425. Calculate c(-5).
-34
Suppose -p - 3*o - 30 + 40 = 0, p - 2*o = -25. Let r(f) = f**3 - f**2 - f - 1. Let s(h) = -5*h**3 - 8*h**2 - 7*h - 1. Let t(w) = -4*r(w) - s(w). Give t(p).
5
Suppose -n + 6*n = 3*o - 277, 5*o - 425 = n. Suppose -o*m + 80*m + 8 = 0. Let i(h) = 5*h. What is i(m)?
10
Suppose -5*v + 4*g + 19 = 0, 2*v - g - 2 = 2*g. Let q(p) = -v + 11 + p + 6. Let i(h) = h**3 + 13*h**2 + 35*h - 19. Let m be i(-9). What is q(m)?
0
Suppose 5*c + 3*q - 33 = c, -4*c + 4*q + 40 = 0. Let p(w) = 10*w + 5 + 4 - w**2 - 1 + 1 - 2*w. Determine p(c).
0
Let v be 2/1*12/8. Suppose -50 = v*j - 4*j. Let k(l) = -l**2 + j*l - 1 - 51*l + 3. Determine k(-2).
0
Let t(p) = -p**3 - 21*p**2 - 18*p + 36. Let k(g) = -g**3 - 6*g**2 + 5. Let l be k(-5). Let y be t(l). Let c(r) = -r**3 - 2*r**2 + 1 - 2*r**2 + 1. What is c(y)?
2
Suppose -50 = -7*j + 20. Suppose 4*v = j*v - 18. Let r(w) be the third derivative of -w**5/60 + w**4/12 + w**3/2 - 14*w**2. What is r(v)?
0
Let m(k) = 6*k - 22. Let f(h) = -6*h + 3. Let r(j) = 11*j - 7. Let s(u) = -7*f(u) - 4*r(u). Let x(n) = 2*m(n) + 7*s(n). Let l = -21576 + 21582. Determine x(l).
-7
Let m(a) be the first derivative of a**3/3 + 3*a**2 + 6*a + 1. Let h(g) = 7*g**2 - 35*g - 355. Let f be h(10). What is m(f)?
1
Let u(o) = 2*o - 14. Let z(j) = -j. Let y(q) = u(q) + 3*z(q). Suppose -54*i - 354 - 294 = 0. What is y(i)?
-2
Let m(f) = -1991 + 994 - 17*f + 994 - 3*f. Determine m(0).
-3
Suppose -m + 6 = -4*m + 3*r, 4*m + r - 12 = 0. Let j(d) = -7*d - 6*d - 1602 + 1601. Determine j(m).
-27
Let j(t) be the second derivative of -t**5/20 - t**4/2 - 11*t**3/6 - 31*t**2/2 + 1646*t. What is j(-6)?
35
Let r(p) = 3 + 1274*p**2 + 25*p**3 - 1236*p**2 + 80*p - 26*p**3. Determine r(40).
3
Let o(s) = -276*s - 5. Let w be o(0). Let b(g) = -g**3 - 4*g**2 + 10*g - 4. Determine b(w).
-29
Let s be -14*(-7)/(343/42). Suppose 20 - 5 = y. Let f = s - y. Let l(h) = h**2 + 5*h - 3. What is l(f)?
-9
Let x(m) = -23*m + 78*m - 28*m + 5 + 9 - 32*m. Determine x(8).
-26
Let j(z) = -z**3 + 26*z**2 - 83*z - 28. Let p(m) = -7*m**3 + 186*m**2 - 582*m - 205. Let w(v) = 15*j(v) - 2*p(v). Calculate w(9).
-10
Suppose -34*p = -31*p - 2*n + 35, 5*n - 29 = 3*p. Let g(c) = -c - 6. Determine g(p).
7
Let f(r) = -r**2 - 3*r + 42. Let z(c) = 6*c**3 + 33*c + 31. Let k be z(-1). What is f(k)?
2
Let k(g) be the first derivative of -g**4/4 + 2*g**3 + 5*g**2 - 11*g + 3098. Determine k(7).
10
Let x = 485 - 484. Let u(j) = 4*j**3 - 2*j**2 - j + 3. Let y be u(x). Let f(l) = -5*l + 1. What is f(y)?
-19
Let r(s) be the first derivative of -s**3/3 + 5*s**2/2 + s - 1. Suppose -1261 - 275 = -12*h. Let k = h - 124. Give r(k).
5
Let z(w) be the first derivative of 54479*w**2 - w - 54477*w**2 - 20 - 191. What is z(-6)?
-25
Suppose -260*c = -104*c + 156. Let n(g) = -33*g + 8. Let d(s) be the first derivative of 11*s**2/2 - 3*s - 3. Let q(w) = -8*d(w) - 3*n(w). Give q(c).
-11
Let t = -8239 - -8244. Let u(a) = a - 19. What is u(t)?
-14
Let u(b) = 5*b - 14. Let m(o) = -9*o + 27. Let l(s) = 2*s + 10. Let r be l(-5). Suppose r + 4 = 2*f, -w + 10 = 3*f. Let q(x) = w*m(x) + 7*u(x). Determine q(7).
3
Let a = -93 - -70. Let i = -21 - a. Let c(o) = -i + 6*o - 2*o**2 + 9 - 6. Calculate c(5).
-19
Let f(g) = 3*g - 5. Let t = -70 + 77. Let q = t + -14. Let y(z) = z**2 + 8*z + 3. Let s be y(q). Calculate f(s).
-17
Let q be ((-24)/(-330)*11)/((-3)/(-30)). Let n(t) = -t**3 + 9*t**2 - 6*t - 14. Determine n(q).
2
Suppose -243*u + 2276 = -60 - 2038. Let l(a) = -6*a + 102. Determine l(u).
-6
Let h(q) = 24*q + 1321. Let k be h(-55). Let b(a) = 4*a**2 + 8*a - 8. Determine b(k).
4
Let k(m) = 4. Suppose 3*u + 1 = n - 5, -n = -2*u - 5. Let v(g) = g. Let p(f) = u*k(f) + 3*v(f). What is p(3)?
5
Suppose 5*x + 20 = 0, 6*w - 4*x - 4 = 2*w. Let y be 3/((7 - 3)/(-4)). Let c be w + y*10/15. Let m(f) = f + 7. What is m(c)?
2
Let j(s) = -s**2 + 4*s - 1. Let x be (-711)/18 - 1/2. Suppose 12*c - 43 = 11*c. Let u = x + c. What is j(u)?
2
Let v(c) = 2*c**3 + 21*c**2 - 21*c - 9. Let w(h) = 10*h**3 + 102*h**2 - 102*h - 44. Let f(y) = -29*v(y) + 6*w(y). Let q be (0 + (2 - 3))*3. Give f(q).
-21
Let f(v) = v + 5. Let c(o) = 2*o + 10. Suppose 0 = -7*x + 18*x - 77. Let k(a) = x*f(a) - 4*c(a). Give k(-6).
1
Let i(a) = 2*a - 4. Let p(c) = -c**2 + 11*c - 11. Let d(g) = -3*i(g) + p(g). Determine d(4).
5
Let w(m) = -m**3 - 2*m**2 + m - 3. Let d(p) = p**2 - 10*p - 60. Let o be 5/(20/8) + (-2 - 4). Let s be d(o). What is w(s)?
25
Let u(y) = 25*y + 5. Let s = -1134 - -1131. Give u(s).
-70
Let g(c) = 29*c - 4. Suppose -z + 2*l - 141 = -133, -3*l = -3*z - 12. Calculate g(z).
-4
Let z(a) be the second derivative of a**4/12 - 11*a**3/6 - 5*a**2 - 2302*a. Calculate z(9).
-28
Let g be (-17)/(-2*2/4). Let n = g + -16. Let o(b) be the second derivative of 9*b**5/20 - b**4/12 + b**3/6 - b**2/2 + 24*b. Give o(n).
8
Let b(q) be the second derivative of -5*q**3/6 + 3*q**2/2 - q - 1013. Calculate b(4).
-17
Let x(d) = -d**2 + d + 17. Let p = 14812 + -14817. Determine x(p).
-13
Let o(k) = k**3 - 2*k**3 - 4*k**2 + 3*k - 6*k - 5. Let p(b) = -b**2 - 10*b + 107. Let y be p(-16). Suppose 0 = -3*q - y - 1. What is o(q)?
7
Let k(d) = -d**3 - 2*d**2 + 1. Let q be k(-2). Let n(i) = 31*i + 21. Let z be n(3). Let u(h) = h + 115 + 11*h - z + h. Calculate u(q).
14
Let r(s) = 8*s + 38. Let d(f) = -5*f**2 + 50*f - 6. Let g be d(10). Calculate r(g).
-10
Suppose -g + k = -0*k + 3, 2*k - 20 = -5*g. Let r be -7 + g - -1 - -2. Let y(j) = -4 + 37*j + 61*j + 34*j + 6 + 46*j - 175*j. Give y(r).
-4
Let r(b) = 2*b**3 + 46*b**2 + 44*b + 15. Suppose 95 = -18*z - 301. What is r(z)?
15
Let j be ((-63)/(-14) + -4)*((0 - 9) + 1). Let w(m) = -14 + 8 - m**3 + 0*m**2 - 3*m**2 - 11*m + 5*m. What is w(j)?
34
Let q be 2/(-3) - (-16)/6. Let v be ((-1)/1 + 4)*(-15 - -16). Let x(r) = -q*r + 6 - 1 - v + 3*r. Calculate x(2).
4
Let g be (45/(-4))/(-5) + 3/(-12). Let y(n) = 3*n**2 + 30 - 54 - 5*n**g + 28 + n**3. Let f be 3/5*1*5. What is y(f)?
13
Suppose 20 = 2*r + 5*y, 4*r + 0*y + 8 = 2*y. Suppose r = 6*f - f. Let t(l) = l + 58 - 129 + 48 + 46. What is t(f)?
23
Let n(x) = 2*x. Let g(w) = -3*w**2 + 34*w + 27.